 + 2024994 = 22*h - 911306. What is the thousands digit of h?
9
Suppose 5*r + 50*y - 46*y - 34327 = 0, -2*r - 5*y = -13724. What is the tens digit of r?
6
Suppose -d + 3*c - 6*c + 9 = 0, 5*d = 5*c + 5. Suppose -d + 6 = -v + 4*y, 5 = -v + 2*y. What is the tens digit of (-672)/v + (-1 - (-2)/2)?
9
Let u(p) = 302*p - 1241. What is the units digit of u(26)?
1
Suppose 5*c + 2*n - n - 45 = 0, 2*c - 2*n = 18. Suppose -4*k + 3580 = -c*k. What is the units digit of (k/2)/(26/(-13))?
9
Let z(j) be the first derivative of j**4/4 + 26*j**3/3 + 26*j**2 - 3*j - 33. What is the tens digit of z(-23)?
8
Let w = 401 + -47. Let y = w + 227. What is the tens digit of y?
8
Let v = 1479 - 2325. Let r = v + 1198. What is the hundreds digit of r?
3
Suppose 2386 = 2*k + 6754. Let x be (-5 + 6)/(13/(-6) + 2). What is the units digit of x/4*k/36?
1
Suppose 5 - 13 = 5*h - 2*g, 0 = -3*h + 5*g - 20. Let c(s) = s**3 - 3*s**2 + 3*s + 786. What is the tens digit of c(h)?
8
Suppose 988259 = 17*u - 102376. What is the hundreds digit of u?
1
What is the hundreds digit of ((-1 - -2) + -158)/(1715/(-84035))?
6
Let k be 14086/8 - 13/(-52). Let p = k + -648. What is the thousands digit of p?
1
Let x = 34 - -226. Let k = 449 - 290. Let b = x - k. What is the tens digit of b?
0
Let h(w) be the first derivative of w**3/3 - 13*w**2/2 - 22*w - 6. What is the hundreds digit of h(27)?
3
Suppose 11*h - 119419 = -33323 + 100937. What is the hundreds digit of h?
0
Let x be (-9)/6*(-5)/((-75)/(-20)). Let i(t) = -177*t - 1. Let k be i(-10). What is the tens digit of k/7 - x*(-4)/28?
5
Let t be ((-560)/30)/(4/6). What is the tens digit of ((-48)/t)/(4/938)?
0
Let k(h) = 5*h**2 - 2*h - 11. Suppose -10 = 9*l - 14*l. Suppose w + 15 = -l*w. What is the hundreds digit of k(w)?
1
Let o = 1599 + -2984. Let v be o/(-20) - 4 - (-6)/8. Suppose -v = -38*u + 35*u. What is the tens digit of u?
2
Let y(z) be the second derivative of z**5/20 + 5*z**4/6 + 2*z**3/3 + 5*z**2/2 - z. Suppose 3*o + 7 = 5*l, o - l - 17 = 5*o. What is the tens digit of y(o)?
8
Let z be 0 + (-6)/15 - 35/(-25). Let n be z/(-2 + 3)*1. What is the tens digit of n/(4/344*1)?
8
Let g = 1307 + -652. Let d = g - 324. Let s = d + -198. What is the tens digit of s?
3
Suppose 3*k + 701 = 4*p, -2*k - 241 = -p - 67. Let v be 6/4*p/(-66). What is the tens digit of v*(((-2100)/(-16))/(-5) - 0)?
0
Let m be (5/10)/((-4)/(-16)) + -2. Suppose -3*i + 1013 - 182 = m. What is the units digit of i?
7
Suppose -p = -4, -p - 54081 = -3*d + 6830. What is the hundreds digit of d?
3
Let u be (-4)/(-3)*6/4 - 2. Let g(k) = -7*k + 273. What is the hundreds digit of g(u)?
2
Suppose 54*k - 2*s = 55*k - 5081, -4*s - 5069 = -k. What is the hundreds digit of k?
0
Let t = 444 - 286. Suppose -7*r + 5*n + 312 = -5*r, -r + 2*n = -t. What is the units digit of r?
6
Suppose -5*q = -4*q + 712. Let o = -299 - q. Let k = o - 260. What is the tens digit of k?
5
Let a = 58 - 55. Suppose a*v - 4*j = 18, -3*v + 11 = -2*v - 3*j. What is the tens digit of (-4 - 3/1)*(-8)/v?
2
What is the tens digit of ((-186)/(-30) - -3)*(-2165)/(-2)?
5
Let c = 13828 + 5417. What is the thousands digit of c?
9
What is the tens digit of 1*8566/(4 + 4 + -6)?
8
Suppose 0 = -27*x + 82774 + 46583. Let k = x - 3401. What is the tens digit of k?
9
Let k(q) = q**3 - 2*q**2 + 4. Let h be k(2). Suppose 8*y - 252 = h*y. Suppose -o = 3*m + o - y, 3*m - 63 = -3*o. What is the units digit of m?
1
Suppose 0 = 16*x + 1098 + 358. What is the units digit of (-34450)/x + -1*6/(-14)?
9
Let s be ((-4)/(-12))/(2/18). Suppose 4*w = -s*f + 385, 2*f + w + 90 = 345. Let d = f - 54. What is the units digit of d?
3
Suppose 9*g - 556 - 299 = 0. Let s = -83 + g. Let z(c) = 13*c - 23. What is the tens digit of z(s)?
3
Suppose 4*y = 3*t + 8, -4*y + 7 = t - 1. Suppose 10*d + 20*d - 13440 = t. What is the units digit of d?
8
Let g be (-3)/(-15) + 24/5. Suppose g*c = -2*a + 16 + 4, 0 = 3*c + 2*a - 16. Suppose -c*h + 371 = -109. What is the hundreds digit of h?
2
Let r(g) = -4*g - 25 + g + 35 + g. Let t be r(3). Suppose 0 = -t*f + 7*f - 54. What is the tens digit of f?
1
Suppose g = -2*k + 19 - 0, -3*k + 6 = -3*g. Suppose -k*m - 16 = -9. What is the tens digit of (-3)/m - (-19 + 2)?
2
Suppose -4*j = -2*j. Suppose -53*a + 50*a - 186 = j. What is the tens digit of (21/14)/((-3)/a)?
3
Let a = 42 + -33. Suppose -a*b + 1968 = 78. Suppose 4*o - 122 - b = 0. What is the tens digit of o?
8
Let m(j) = -j - 3. Let v(d) = -2*d + 17. Let o be v(10). Let n be m(o). Suppose -4*q - 4*b + 160 = n, q - 6*b - 28 = -b. What is the units digit of q?
8
Let v(d) be the first derivative of 9*d**3 + 4*d**2 + 3*d + 19. What is the units digit of v(3)?
0
Let s = 323 - 670. Let o be 1 + (-1)/1 + 1 + s. Let u = o - -490. What is the hundreds digit of u?
1
Let t = 43 + -43. Let u(q) = 2*q + 6. Let r be u(t). What is the hundreds digit of 132 + (-5 - (3 - r))?
1
Let r(x) = 7*x**2 + 4*x - 4705. What is the hundreds digit of r(92)?
9
Let g = -411 + 649. Let d = g - -251. What is the tens digit of d?
8
Let h = 2511 - 1271. What is the hundreds digit of (0 - h)*(-5)/(-25)*-4?
9
Let r be 10953/(-5) + 6/(-15). What is the tens digit of r/(-14) + 2*2/(-8)?
5
Let r = -1660 - -4986. What is the thousands digit of r?
3
Let n = 21741 - 13244. What is the units digit of n?
7
Let q(o) = o + 5. Let m be q(-4). Suppose 3*f - 4*b = -517 - 328, 4*b = -2*f - 570. What is the units digit of f/(-3) + m - (-3)/(-9)?
5
Suppose 6*u + 22 = -14. Let k be (-19 + 16)/(u/8). Suppose 0 = 15*c - k*c - 1650. What is the hundreds digit of c?
1
Let u(t) = t**3 - 4*t**2 - 31*t + 25. Let d be u(8). Let h(p) = p**2 - 24*p - 82. What is the hundreds digit of h(d)?
2
Let b(d) = -202*d - 1298. What is the tens digit of b(-42)?
8
Let h be (4 + -1)*(-5 + (-38)/(-6)). Suppose j = -4*f + 29, -h*j + 0*j + 211 = -3*f. What is the tens digit of j?
4
Let z be 1873 + (-12)/21 + (-34)/14. Suppose -3*k + 0*k = -15, -2*k = -5*b + z. Let x = b + -227. What is the hundreds digit of x?
1
Suppose 2686072 = 118*n - 2203089 - 256937. What is the thousands digit of n?
3
Let s(x) = x**3 - 18*x**2 - 2*x + 32. Let d be s(18). Let k be ((-4)/d)/((-4)/(-36)). Let p(w) = -w**3 + 10*w**2 - 7*w + 12. What is the units digit of p(k)?
0
Suppose -488074 = -115*g + 3032150 - 134739. What is the units digit of g?
9
Let a(k) = -19*k**2 - 1. Let i be a(2). Let t be (-2)/(-11) + 14/i. Let x = 9 - t. What is the units digit of x?
9
Suppose 4145 = -43*r + 10552. Suppose 36 = 2*z - 4*q, 100 = z + 3*z - q. Let v = z + r. What is the units digit of v?
5
Let a = 26 + -17. Suppose -20 = -a*u + 61. Suppose -u*w + 450 = -0*w. What is the tens digit of w?
5
Let y = 20671 + -1198. What is the hundreds digit of y?
4
Let i = -32 + 34. Suppose 3*m + 2*b = -134, -i*b - 50 = -m + 2*m. What is the tens digit of (m/(-15))/(-2 + (-51)/(-25))?
7
Suppose -34*c + 32 = -26*c. Suppose 0 = -4*p + 2*w + 2382, 4*w - 1439 = -c*p + 937. What is the hundreds digit of p?
5
Let n be 5*(-44)/(1*20/38). Let m = 593 + n. What is the tens digit of m?
7
Suppose -4*h - 3*j = 2*j - 1, 0 = -5*j - 15. Suppose h*c - 306 = -3*p, c = 2*c + 4*p - 83. Suppose 5*q - 530 - c = 0. What is the units digit of q?
1
Suppose 8*b + 139 = 835. What is the units digit of 667/b - (-1)/3?
8
Suppose -21*p - 986 = 8*p. Let w(x) = -49*x + 130. What is the hundreds digit of w(p)?
7
Let f(m) = -87*m + 28. Let k be f(-6). Let z = 1035 - k. What is the tens digit of z?
8
Suppose 22*r = -2*r + 96. Let f = 926 - r. What is the hundreds digit of f?
9
Suppose 3*q + 4553 = r, -4*r - 22*q + 18244 = -18*q. What is the hundreds digit of r?
5
Let l = 383 + -363. What is the units digit of (-34)/(-85) - (-2126)/l*2?
3
Let s be (-668)/(-16) + 6/(-8). Suppose -s*h = -h - 54240. What is the thousands digit of h?
1
Let k be -1*(-4 + 6) + 1*1916. Suppose 0 = a + 751 - k. What is the units digit of a?
3
Suppose 2*j - 4*r - 44694 = 0, 56475 = 4*j + 4*r - 32985. What is the tens digit of j?
5
Let q(y) be the third derivative of 127*y**5/60 - 3*y**4/4 + 6*y**3 - 5*y**2 + 2*y. What is the units digit of q(2)?
8
Suppose -u = -a + 12, 5*u - 36 = -16*a + 13*a. Let g(j) = 6*j**2 - 40*j - 11. What is the tens digit of g(a)?
7
Let z(y) = y**3 - 19*y**2 + 71*y - 782. What is the thousands digit of z(25)?
4
Suppose 2*v = 2*n +